s digit of l?
2
Let w(z) = 7*z**3 - 2*z**2 + 6*z - 4. Let g be w(1). Suppose g = -2*a + 5*u + 26, -u = -4*a + 47. Suppose -a*d = -7*d - 355. What is the units digit of d?
1
Suppose 21*x - 1442 - 511 = 0. Suppose 0 = 3*a - 144 - x. What is the units digit of a?
9
Suppose 5*v - 2*m = 410 + 115, 5*v + 5*m = 560. Let t = 289 + v. What is the hundreds digit of t?
3
What is the ten thousands digit of (-3 + 8 - 18/4)*91066?
4
Let p be (-1)/(12/39)*12. Let k = p + 454. What is the units digit of k?
5
Let b(y) be the third derivative of -13*y**4/4 + 73*y**3/6 + 58*y**2. What is the hundreds digit of b(-7)?
6
Let a = -33 + 38. Suppose 1 = 3*d - 5*k + 3, a*d - k = 4. What is the units digit of (d - -1) + 33*28/6?
6
Suppose 4*c + 4*w - 8 = 24, 5*c + w - 36 = 0. Suppose -35*m - c*m + 51660 = 0. What is the thousands digit of m?
1
Let b(g) = g**2 + 16*g - 32. Let q be (3 - 3) + 5 + 55. Suppose 0 = -9*v - 249 + q. What is the units digit of b(v)?
3
Suppose -22711 = 8*l - 255975. What is the tens digit of l?
5
Let u = -45 - 331. Let z = u - -527. What is the hundreds digit of z?
1
Suppose -3*f - t + 18 = -11, 8 = -2*t. What is the tens digit of -13*f*-1 - 20/(-5)?
4
Let n be (-4 - (-5 + 4 - 2))*3. What is the hundreds digit of -573*((n - -1) + 2/2)?
5
Let l = -1691 + 8855. What is the thousands digit of l?
7
Let a = 15184 + 12293. What is the hundreds digit of a?
4
Let a(l) = -9*l + 15. Let y(z) = -z + 1. Let f(u) = -a(u) + 4*y(u). Let v(j) = 5*j - 11. Let h(p) = 6*f(p) - 7*v(p). What is the units digit of h(-7)?
6
Suppose -3*j - 18 = -15. What is the tens digit of (-521 + -3)*1/(j + 0)?
2
Suppose -u - q + 116 = 4*u, 0 = -3*u - 4*q + 56. Suppose 24*w - u = 16*w. Suppose -w*x + 21 + 411 = 0. What is the units digit of x?
4
Suppose 4*x - 3*z = 276844, 173*z = 172*z - 4. What is the tens digit of x?
0
Let s = 173 + -169. Let w(p) = 17*p**2 - 7*p + 9. What is the hundreds digit of w(s)?
2
Suppose -11*c = -91 + 58. Suppose c*x = -2*m + 3045, -15*x + 5097 = -10*x - 4*m. What is the units digit of x?
7
Let w(m) = -12*m + 46. Let y be (2 - 38)*(-2)/4. Suppose 4*h + 44 = -h - 3*g, -y = 3*h - g. What is the tens digit of w(h)?
3
Suppose 0 = 2*s - 10, -3*p = -4*s + 1 + 1. Suppose p*z = -z + 2779. Let w = z + -198. What is the tens digit of w?
9
Let r be ((5 - 4) + 1)*(-1 - 0). Let y be 204/26 - (4/13)/r. What is the units digit of 3 + -1*y*-5*2?
3
Let l(q) = q**2 + 10*q + 18. Let w(x) = x. Let m(u) = -l(u) - 5*w(u). Let a be m(-13). What is the units digit of (16020/(-16))/(-5) + (-2)/a?
0
Suppose -34*w + 32472 = 2*z - 30*w, 2*z + 2*w = 32482. What is the thousands digit of z?
6
Let w(u) = -u**2 - 3*u + 12. Let a be w(-5). Suppose -a*i + 530 + 108 = 0. What is the hundreds digit of i?
3
What is the units digit of (50749 - (-2)/(-2)) + -19*(-120)/456?
3
Let l(i) = i**2 + 3*i + 5. Let b be l(-2). Let t(h) = 20*h**3 - 2*h**2 - h + 5. Let n be t(b). Suppose 995 = 7*g - n. What is the hundreds digit of g?
2
Let g = -10 - -10. Suppose 4*d + 3*q + 8 = g, -3*d = -7*d - q. What is the units digit of (-2 - -4)/(108/(-112) + d)?
6
Suppose -4*x + 4*w + 28212 = 0, -4*x + 2*w = 4398 - 32618. What is the thousands digit of x?
7
Suppose 4*q - 486 = -26. Let z = 568 - q. What is the tens digit of z?
5
Suppose -r + 18 = 4*t, 5*r - t - 50 = 40. Let b be (85 - r)/(1 + 0). Suppose 0 = -q + 1 + b. What is the tens digit of q?
6
Let x = 9552 + -2377. What is the tens digit of x?
7
Let d(s) = -s**2 - 31*s - 18. Let z be (-8)/(-14) + (-7011)/399. What is the hundreds digit of d(z)?
2
Suppose 20381 = 7*v + 7900. Suppose 11*m - v - 1363 = 0. What is the tens digit of m?
8
Suppose 23*r = 28*r - 15. Suppose 4*b - 8*b = r*p - 3360, 4*b - 2*p = 3360. What is the hundreds digit of b?
8
Let i(z) = 16*z - 221. Let p be i(14). Let k(r) = 145*r**2 + 7*r - 9. What is the units digit of k(p)?
7
Let n be 3/(2*6/3004). Let g = n + -341. What is the tens digit of g?
1
Let l be 5 + (-14 - -15 - (0 + 6)). Suppose 4*p = -5*o + 2375, -4*p + 1904 = 4*o - l*o. What is the tens digit of o?
7
Suppose -5*x + 17 + 23 = -u, 5 = -u. Suppose 8*m - 629 = x*m. What is the hundreds digit of m?
6
Suppose -5*l - 3*q - 122 + 335 = 0, -4*l + 2*q = -166. Let k = l - 22. What is the units digit of (-4*5/6)/(k/(-180))?
0
Suppose 6*g - 10*g = y - 10690, -2*y - 12 = 0. What is the units digit of g?
4
Let a be (1*4 - (0 + 4))/2. Suppose -22*y + 0*y + 7392 = a. What is the hundreds digit of y?
3
Suppose -16*q - 4*b - 12 = -19*q, -4*b = -4*q + 16. Suppose -512 = -2*c + q*p + 500, 0 = -4*c + p + 2045. What is the units digit of c?
2
Suppose -18*a - 3568 - 1850 = 0. What is the hundreds digit of (a*(-26)/455)/((-2)/(-40))?
3
Let n = -357 - -364. Suppose 0 = n*w - 5093 - 759. What is the tens digit of w?
3
Let d(j) = -2*j**2 + 9*j + 10. Let y be d(5). Suppose -y*r = -2*z + 1244, -z - 2*z + 1845 = 3*r. What is the units digit of z?
7
Suppose -2*s = 4*q - 616 - 1446, -4*s + 1046 = 2*q. Let j = q - 3. What is the hundreds digit of j?
5
Suppose -2*s = i - 27, -2*i + 55 = 3*s + 3. Suppose -4*l + 3756 = -2*f, -26*f = -i*f + 12. What is the hundreds digit of l?
9
Let g(i) = 26*i**3 - i**2 - 4*i - 136. What is the hundreds digit of g(10)?
7
Let j(t) = t**2 - 9*t + 19. Let g be ((-4)/(-12))/((-1)/(-27)). Suppose 6*u + 21 = g*u. What is the units digit of j(u)?
5
Let j(q) = 910*q + 52. Let w be j(6). Suppose -w = -33*s + 8612. What is the hundreds digit of s?
4
Suppose 0 = k - l - 1088, -5*k + 5434 = 1595*l - 1594*l. What is the thousands digit of k?
1
Suppose m + 1341 = -6*t + 4*t, 3*m = 3. Let h = 971 + t. What is the hundreds digit of h?
3
Let u(v) = 6095*v + 4552. What is the ten thousands digit of u(9)?
5
Suppose 2*t - a + 4 = 0, -a + 6 = 2*a. Let i(f) = 5 - 15*f**2 - 4 + 13*f**2 - 25*f**3. What is the tens digit of i(t)?
2
Suppose -6*s - 2209 + 37 = 0. Let x = 1172 + s. What is the hundreds digit of x?
8
Let v = 2379 + -1566. Let o = -11 + v. What is the hundreds digit of o?
8
Suppose l - 63 = -3*s, -2*s + 4*l + 10 = -46. Suppose -5*a = -34621 + 33736. Let j = s + a. What is the units digit of j?
9
Let l(j) = 3*j - 43. Let c be l(8). Let m = 21 + c. What is the tens digit of 92 - (-2 - (m - 1))?
9
Let v be ((-8976)/(-42) - -5) + (-2)/(-7). Suppose 5*g = 531 + v. Suppose 3*c - g = -2*c. What is the units digit of c?
0
Let r(x) = 393*x + 4699. What is the ten thousands digit of r(28)?
1
Let a be (1/(-2))/((-2)/20). Suppose j + f - 6*f - 187 = 0, 0 = a*f + 15. Suppose -j = 4*w - 644. What is the tens digit of w?
1
Let g be 41/((-2)/36*-3). Let b = g - 36. Suppose 18*p - 25*p + b = 0. What is the tens digit of p?
3
Let g(a) = 10*a - 85. Let u be g(28). Let r = -92 + u. What is the tens digit of r?
0
Let p = 19703 - 3986. What is the ten thousands digit of p?
1
Let b(u) be the third derivative of 2*u**2 + 1/6*u**5 + 5/24*u**4 + 0*u - u**3 + 1/120*u**6 + 0. What is the units digit of b(-9)?
0
Suppose -6793354 = -605*a + 6775092 + 8403339. What is the ten thousands digit of a?
3
Suppose -3*w - 7611 = -3*x, 6*x + 5*w = x + 12715. Suppose -1748 = 6*i - x. What is the tens digit of i?
3
What is the hundreds digit of (-34726)/((-664)/249 - 4/(-6))?
3
Let b(i) = 14*i**2 + 53*i - 583. What is the hundreds digit of b(14)?
9
Let h(x) = 80*x**3 + 5*x**2 - 2*x - 5. Let o be h(6). Suppose -21*y = 6229 - o. What is the units digit of y?
4
Let z = -2415 - -5777. What is the thousands digit of z?
3
Let y be (3/(-4)*-1)/(3/(-8)). What is the tens digit of (-1 + -3 - y) + 194?
9
Suppose 19*m - 14*m - 112645 = -3*u, -2*u = -4*m + 90138. What is the thousands digit of m?
2
Let m = -4356 - -21598. What is the thousands digit of m?
7
Let y(q) = -3*q**2 - 3. Let h be y(-2). Let t be (24/4)/(h/(-50)). What is the units digit of ((-42)/(-3))/(1/t*2)?
0
Suppose -3*w - l - 15 - 14 = 0, 0 = 2*w - 4*l + 10. Suppose -5*f + 207 = -z - 21, -3*z - 594 = 3*f. What is the tens digit of (-7569)/z + 1 + w/7?
3
What is the tens digit of (-17)/((11/44)/(1830/(-24)))?
8
Let u(y) be the second derivative of -1/3*y**4 + 6*y + 1/20*y**5 + 0 - 2/3*y**3 - 3/2*y**2. What is the units digit of u(5)?
2
Let q = -50 - -53. Suppose -3 = 2*b - q*b. Suppose -b*m = -5*y - 422, -5*m - y + 726 = 2*y. What is the tens digit of m?
4
Let k be (-220)/11*(-2 + 1). Let t be (-3)/5 - ((-152)/k - -2). Suppo